
-1a20 (base 11) to base 9
-3457
-10240 (base 6) to base 15
-62c
12103320 (base 4) to base 3
1022110100
129 (base 12) to base 7
342
114 (base 11) to base 6
344
Convert -404 (base 13) to base 9.
-835
What is -20310023 (base 4) in base 16?
-8d0b
-708 (base 9) to base 6
-2355
-202012121 (base 3) to base 15
-4571
Convert 2920 (base 13) to base 2.
1011100110101
What is 22041 (base 5) in base 3?
2002100
Convert -1043123 (base 5) to base 8.
-44152
2400 (base 6) to base 2
1001000000
ac77 (base 13) to base 14
8ad2
What is -1011111010 (base 2) in base 16?
-2fa
1833 (base 9) to base 13
843
Convert 21111 (base 4) to base 15.
29c
What is 3114 (base 6) in base 4?
22312
What is -233 (base 14) in base 15?
-1e2
-3340 (base 7) to base 9
-1577
-41f (base 16) to base 14
-555
What is -9162 (base 15) in base 3?
-1120002202
Convert -11342 (base 5) to base 10.
-847
54860 (base 9) to base 2
1000111001000111
What is -31443 (base 7) in base 6?
-55553
What is 101b (base 15) in base 6?
23425
Convert -43241 (base 6) to base 13.
-2911
-42c0 (base 13) to base 2
-10010001000010
Convert -7638 (base 13) to base 2.
-100000000111000
Convert -210 (base 4) to base 7.
-51
Convert 10110001 (base 2) to base 10.
177
Convert 749 (base 10) to base 4.
23231
Convert -15423 (base 10) to base 6.
-155223
What is 15940 (base 12) in base 15?
9180
-104322 (base 7) to base 9
-27140
245e (base 15) to base 8
17073
-41 (base 11) to base 10
-45
Convert -13d (base 15) to base 6.
-1151
What is 4105 (base 6) in base 14?
489
Convert -1a4 (base 12) to base 6.
-1124
What is -213203 (base 4) in base 8?
-4743
What is 591 (base 11) in base 6?
3133
Convert -1014 (base 8) to base 5.
-4044
What is -185 (base 14) in base 16?
-139
-1000101101 (base 2) to base 5
-4212
-cce (base 16) to base 10
-3278
What is -15d (base 15) in base 2?
-100111001
What is 2005 (base 7) in base 4?
22303
Convert -101012 (base 4) to base 5.
-13334
-20577 (base 8) to base 9
-12677
What is -1040403 (base 5) in base 15?
-5603
-2214 (base 9) to base 8
-3141
-1177 (base 13) to base 3
-10101021
Convert -1011010011011 (base 2) to base 8.
-13233
40406 (base 7) to base 9
14405
Convert 104147 (base 8) to base 3.
1202220022
38533 (base 10) to base 12
1a371
-9a5 (base 13) to base 10
-1656
Convert -304 (base 5) to base 14.
-59
-1103112 (base 4) to base 5
-132314
What is 210334 (base 5) in base 14?
277b
What is -b13 (base 13) in base 7?
-5316
-422 (base 10) to base 9
-518
-13a57 (base 13) to base 2
-1001000000110010
What is 89c3 (base 15) in base 10?
29208
Convert 21277 (base 9) to base 13.
6544
-49a (base 13) to base 10
-803
Convert 23006 (base 7) to base 3.
22000012
What is 31441 (base 7) in base 13?
36ca
-1010100001001 (base 2) to base 10
-5385
What is 61512 (base 8) in base 15?
77e8
What is -2121122 (base 4) in base 10?
-9818
Convert 182 (base 13) to base 10.
275
-598 (base 16) to base 6
-10344
What is -b89 (base 13) in base 15?
-8b7
What is 210 (base 3) in base 16?
15
What is -60274 (base 8) in base 5?
-1243024
What is c3d (base 15) in base 9?
3704
-7717 (base 10) to base 6
-55421
Convert 538 (base 9) to base 11.
370
Convert -1111101011 (base 2) to base 15.
-46d
Convert 1100000010 (base 2) to base 4.
30002
What is -451 (base 7) in base 8?
-350
What is 476 (base 16) in base 14?
5b8
What is 45c2 (base 16) in base 13?
8189
Convert 112102100 (base 3) to base 11.
7997
Convert 1120102 (base 5) to base 2.
100111000111011
-640 (base 12) to base 7
-2442
Convert -a3 (base 11) to base 12.
-95
Convert -1034 (base 7) to base 6.
-1412
2413330 (base 5) to base 3
2021111202
-409 (base 12) to base 14
-2db
What is -1607 (base 11) in base 6?
-13320
1809 (base 14) to base 6
32001
Convert 23330 (base 6) to base 4.
310212
-5255 (base 9) to base 15
-1222
Convert -43351 (base 7) to base 14.
-3d28
-71a (base 15) to base 14
-824
-10428 (base 11) to base 13
-6b8a
-103216 (base 7) to base 8
-43033
Convert -101100110111 (base 2) to base 16.
-b37
What is -351 (base 13) in base 11?
-481
1241042 (base 5) to base 11
17473
15751 (base 8) to base 4
1233221
What is 21210 (base 3) in base 12?
156
Convert 1413 (base 6) to base 5.
2434
Convert -3410 (base 11) to base 16.
-1188
17425 (base 9) to base 16
2eeb
Convert 11641 (base 7) to base 13.
151c
What is 12213222 (base 4) in base 7?
142023
What is -125 (base 7) in base 8?
-104
-122020 (base 3) to base 8
-721
What is -21000 (base 4) in base 9?
-710
What is -2044 (base 9) in base 13?
-8b3
What is 88bb (base 13) in base 16?
4a8a
What is 219 (base 14) in base 13?
25c
What is -2111002 (base 3) in base 8?
-3423
What is 1860 (base 16) in base 11?
4763
Convert -3011 (base 8) to base 9.
-2106
What is -590 (base 11) in base 10?
-704
-208 (base 12) to base 5
-2141
Convert 31058 (base 10) to base 15.
9308
What is -b4 (base 15) in base 9?
-207
Convert 5775 (base 9) to base 16.
10b8
What is 5106 (base 11) in base 16?
1a7e
10000011010010 (base 2) to base 7
33332
Convert -1113 (base 4) to base 14.
-63
Convert 1160 (base 10) to base 12.
808
-30 (base 9) to base 5
-102
a173 (base 12) to base 13
7c80
-3500 (base 6) to base 10
-828
-eec (base 15) to base 4
-310230
1149 (base 12) to base 13
b55
-591 (base 15) to base 9
-1651
What is -111101010011 (base 2) in base 4?
-331103
Convert -22072 (base 11) to base 2.
-111110100010111
41142 (base 5) to base 14
d8c
What is -12202 (base 4) in base 11?
-350
Convert -2cbe (base 15) to base 13.
-44c9
What is 533 (base 8) in base 12?
24b
-4412 (base 6) to base 2
-1111111000
3112 (base 5) to base 4
12113
Convert 4304 (base 5) to base 10.
579
What is -106155 (base 7) in base 10?
-18954
What is 727 (base 8) in base 16?
1d7
Convert 10112001 (base 3) to base 5.
40231
What is 20221 (base 3) in base 7?
355
What is 111 (base 2) in base 13?
7
12130 (base 5) to base 3
1020220
1a (base 11) to base 6
33
1001101000 (base 2) to base 11
510
What is 5158 (base 12) in base 14?
3324
Convert 12c (base 15) to base 2.
100001011
Convert 107304 (base 8) to base 3.
1212010122
What is -30454 (base 8) in base 6?
-134140
What is 11022210 (base 3) in base 13?
1587
-101000121 (base 3) to base 7
-30205
-225 (base 14) to base 4
-12221
What is -a16b (base 13) in base 12?
-10a44
What is 610 (base 8) in base 4?
12020
Convert 872 (base 15) to base 6.
12455
1c55 (base 13) to base 12
259b
Convert 112100 (base 3) to base 8.
603
-550 (base 10) to base 5
-4200
Convert 11001000011 (base 2) to base 12.
b17
2d3e (base 16) to base 7
45524
Convert 11202231 (base 4) to base 10.
22701
619 (base 13) to base 14
540
What is 109c4 (base 13) in base 11?
207a3
-2444 (base 6) to base 13
-376
-4348 (base 10) to base 8
-10374
What is -4a8 (base 15) in base 8?
-2042
What is -26826 (base 13) in base 14?
-1c1a8
-150131 (base 6) to base 13
-668b
-2052 (base 14) to base 16
-15b8
Convert 11000101000 (base 2) to base 11.
1203
Convert a2 (base 14) to base 10.
142
What is -101101011001110 (base 2) in base 4?
-11223032
What is -26c (base 13) in base 11?
-35a
8a32 (base 12) to base 11
10551
-11010001 (base 2) to base 6
-545
What is 22122000 (base 4) in base 10?
42624
What is 132555 (base 6) in base 5?
343221
2733 (base 13) to base 10
5619
450352 (base 6) to base 16
935c
Convert -20320 (base 4) to base 14.
-2c8
1232 (base 6) to base 11
260
What is -1942 (base 13) in base 16?
-ebc
What is -272 (base 13) in base 15?
-1db
-122111212 (base 3) to base 15
-3bb2
What is 5426 (base 7) in base 13?
b57
What is 3168 (base 11) in base 15?
1393
What is 26883 (base 12) in base 7?
310533
921 (base 15) to base 10
2056
What is 344 (base 9) in base 14?
163
Convert 306431 (base 7) to base 13.
1aca8
What is -213203 (base 4) in base 16?
-9e3
What is 131333 (base 4) in base 3?
2122002
What is 10001011 (base 2) in base 12?
b7
What is 83 (base 14) in base 5?
430
Convert -177 (base 15) to base 14.
-1a1
14550 (base 6) to base 2
100101000010
What is -14f39 (base 16) in base 14?
-233bb
What is 10114 (base 5) in base 11?
54a
15b1 (base 16) to base 14
2049
Convert -21231203 (base 4) to base 2.
-1001101101100011
What is 12243 (base 5) in base 14?
4ba
What is 35102 (base 6) in base 5?
130011
What is 10110000011100 (base 2) in base 12?
6650
What is 124332 (base 5) in base 7?
20324
-a03b (base 12) to base 3
-212202202
2194 (base 13) to base 4
1021030
Convert 3bf8 (base 16) to base 14.
5848
What is 202100 (base 5) in